of 13?
True
Is 21 a factor of 800835?
True
Is 128016 a multiple of 504?
True
Does 72 divide 187520?
False
Does 197 divide 621880?
False
Does 6 divide 101064?
True
Is 4 a factor of 5979?
False
Is 1461441 a multiple of 129?
True
Is 4866372 a multiple of 6?
True
Does 26 divide 205556?
True
Does 251 divide 962709?
False
Is 53136 a multiple of 88?
False
Does 15 divide 152085?
True
Does 22 divide 27341?
False
Does 104 divide 1030016?
True
Does 92 divide 1625794?
False
Is 68 a factor of 659532?
True
Is 3356089 a multiple of 40?
False
Is 3189681 a multiple of 30?
False
Is 10 a factor of 3064752?
False
Does 30 divide 90270?
True
Is 247 a factor of 13424?
False
Does 9 divide 97279?
False
Does 71 divide 11857?
True
Is 4068456 a multiple of 8?
True
Is 66 a factor of 225272?
False
Is 11612411 a multiple of 105?
False
Does 123 divide 1985958?
True
Is 3331301 a multiple of 12?
False
Is 1983084 a multiple of 416?
False
Does 236 divide 11198227?
False
Is 354320 a multiple of 344?
True
Does 118 divide 851483?
False
Is 1372704 a multiple of 124?
False
Is 11061 a multiple of 3?
True
Is 18 a factor of 755568?
True
Is 53418 even?
True
Does 18 divide 1087254?
True
Is 182 a factor of 36400?
True
Does 303 divide 133764?
False
Is 6361383 a multiple of 207?
False
Is 40 a factor of 125424?
False
Is 829226 a multiple of 14?
False
Is 187815 a multiple of 95?
True
Does 18 divide 16146?
True
Is 404547 a multiple of 61?
False
Is 1676931 a multiple of 2?
False
Is 2042807 a multiple of 141?
False
Is 374 a factor of 75174?
True
Is 1502676 a multiple of 28?
True
Is 104687 a multiple of 11?
True
Does 9 divide 978804?
True
Is 2340166 a multiple of 950?
False
Is 46 a factor of 24962?
False
Is 92 a factor of 135976?
True
Is 1411828 a multiple of 484?
True
Is 1898565 a multiple of 841?
False
Does 4 divide 440366?
False
Does 83 divide 338974?
False
Is 1879725 a multiple of 15?
True
Is 8744074 a multiple of 1085?
False
Does 612 divide 4364394?
False
Is 22881 a multiple of 22?
False
Is 74 a factor of 464496?
False
Is 94 a factor of 147016?
True
Is 169 a factor of 5731?
False
Does 11 divide 237182?
True
Is 2486 a multiple of 48?
False
Is 105903 a multiple of 29?
False
Is 12 a factor of 297516?
True
Does 171 divide 1546506?
False
Is 26676 a multiple of 54?
True
Does 11 divide 2452681?
True
Is 11 a factor of 536216?
False
Is 15 a factor of 99424?
False
Is 52 a factor of 122112?
False
Does 76 divide 49780?
True
Does 32 divide 30748?
False
Is 333 a factor of 10251128?
False
Does 23 divide 77445?
False
Is 23 a factor of 29555?
True
Is 8 a factor of 32203?
False
Is 1104191 a multiple of 15?
False
Does 22 divide 891396?
True
Does 209 divide 3466683?
True
Does 658 divide 537895?
False
Is 33133 a multiple of 17?
True
Is 14 a factor of 4564616?
True
Is 174048 a multiple of 16?
True
Is 184 a factor of 6207732?
False
Does 23 divide 1795671?
False
Does 80 divide 54619?
False
Is 1426824 a multiple of 894?
True
Is 116 a factor of 5446896?
True
Is 21235 a multiple of 31?
True
Is 3510616 a multiple of 19?
False
Is 3815760 a multiple of 1223?
True
Is 1939280 a multiple of 613?
False
Does 242 divide 236409?
False
Is 12 a factor of 1592016?
True
Is 4297140 a multiple of 15?
True
Does 15 divide 324783?
False
Is 173419 a multiple of 109?
True
Is 17 a factor of 887672?
True
Is 366 a factor of 6387798?
True
Is 157063 a multiple of 24?
False
Does 8 divide 343784?
True
Does 19 divide 211023?
False
Does 132 divide 4536180?
True
Does 16 divide 2664404?
False
Is 98 a factor of 222976?
False
Does 21 divide 96495?
True
Is 3 a factor of 166532?
False
Is 298320 a multiple of 82?
False
Is 41 a factor of 1407077?
False
Is 12 a factor of 1802612?
False
Does 92 divide 2713803?
False
Does 7 divide 157703?
True
Is 66 a factor of 48312?
True
Is 272577 even?
False
Is 171 a factor of 1342350?
True
Does 61 divide 6572962?
False
Does 42 divide 10343870?
False
Is 42 a factor of 515298?
True
Is 31 a factor of 51305?
True
Is 62326 a multiple of 108?
False
Is 27 a factor of 2570014?
False
Does 72 divide 25244?
False
Is 21 a factor of 11573709?
True
Does 207 divide 394749?
True
Does 147 divide 74529?
True
Is 4806018 a multiple of 268?
False
Does 46 divide 16115594?
True
Is 253 a factor of 185846?
False
Does 1058 divide 14049094?
False
Is 872 a factor of 367073?
False
Is 33 a factor of 167640?
True
Is 10416873 a multiple of 303?
False
Is 433850 a multiple of 50?
True
Is 2429110 a multiple of 782?
False
Is 40697 a multiple of 34?
False
Does 216 divide 14475888?
True
Is 1685902 a multiple of 428?
False
Does 23 divide 13524?
True
Is 641 a factor of 7741357?
True
Is 729031 a multiple of 667?
True
Does 3 divide 374667?
True
Does 5 divide 19492?
False
Is 61581 a multiple of 65?
False
Is 27 a factor of 74979?
True
Is 53 a factor of 288479?
True
Is 30 a factor of 1780072?
False
Does 326 divide 413665?
False
Is 5316348 a multiple of 62?
False
Is 4337630 a multiple of 55?
True
Is 1287 a factor of 597168?
True
Is 843024 a multiple of 48?
True
Does 8 divide 7997315?
False
Is 126 a factor of 15498?
True
Is 90036 a multiple of 123?
True
Is 54 a factor of 152928?
True
Does 20 divide 6872561?
False
Does 16 divide 668816?
True
Is 201 a factor of 8442?
True
Is 1480728 a multiple of 206?
True
Is 122579 a multiple of 46?
False
Does 8 divide 71583?
False
Is 322 a factor of 141650?
False
Is 14531847 a multiple of 671?
True
Is 1716390 a multiple of 65?
True
Does 221 divide 594054?
False
Does 17 divide 1207782?
True
Is 471772 a multiple of 332?
True
Is 4 a factor of 704482?
False
Does 271 divide 4110352?
False
Is 257 a factor of 171603?
False
Does 35 divide 1308924?
False
Does 41 divide 2814086?
False
Does 20 divide 1749021?
False
Does 660 divide 1299923?
False
Is 336765 a multiple of 55?
True
Is 61 a factor of 8447705?
False
Does 48 divide 86496?
True
Is 13 a factor of 994396?
True
Is 79 a factor of 174748?
True
Is 12 a factor of 1400664?
True
Does 360 divide 553680?
True
Is 67223 a multiple of 27?
False
Does 324 divide 323016?
False
Is 72 a factor of 141761?
False
Is 10360 a multiple of 20?
True
Is 57 a factor of 61560?
True
Does 55 divide 132715?
True
Is 4 a factor of 56488?
True
Does 28 divide 27350?
False
Is 54 a factor of 718280?
False
Is 183 a factor of 1889684?
False
Does 30 divide 216180?
True
Does 107 divide 5623385?
True
Is 346150 a multiple of 50?
True
Does 573 divide 5010885?
True
Is 810901 a multiple of 13?
True
Does 317 divide 233848?
False
Is 1714848 a multiple of 556?
False
Does 583 divide 818353?
False
Is 128 a factor of 182458?
False
Is 130795 a multiple of 35?
True
Is 306 a factor of 227416?
False
Is 245 a factor of 159744?
False
Is 244897 a multiple of 521?
False
Is 6113603 a multiple of 61?
True
Does 16 divide 883744?
True
Is 14 a factor of 86492?
True
Is 4 a factor of 2291840?
True
Is 60302 a multiple of 12?
False
Is 675410 a multiple of 586?
False
Is 246240 a multiple of 18?
True
Is 222564 a multiple of 9?
False
Does 98 divide 41450?
False
Is 66 a factor of 167112?
True
Does 510 divide 248877?
False
Does 12 divide 345294?
False
Is 163 a factor of 552808?
False
Is 242138 a multiple of 48?
False
Is 126 a factor of 557802?
True
Is 41 a factor of 4089886?
False
Is 37500 a multiple of 50?
True
Is 326196 a multiple of 48?
False
Is 259171 a multiple of 15?
False
Is 458 a factor of 925160?
True
Does 5 divide 141431?
False
Does 129 divide 79980?
True
Does 711 divide 2207034?
False
Is 8478470 a multiple of 910?
True
Does 43 divide 2416901?
True
Does 1250 divide 16511250?
True
Is 2503750 a multiple of 53?
False
Is 249512 a multiple of 2?
True
Is 4715398 a multiple of 2?
True
Is 202 a factor of 443588?
False
Is 9 a factor of 10568935?
False
Is 1026412 a multiple of 56?
False
Does 83 divide 1415823?
False
Is 361992 a multiple of 334?
False
Does 9 divide 2313297?
True
Is 169422 a multiple of 34?
True
Is 5082609 a multiple of 161?
True
Does 1018 divide 11308962?
True
Is 88 a factor of 185328?
True
Is 554967 a multiple of 129?
False
Does 45 divide 9626085?
True
Does 887 divide 33093083?
True
Does 34 divide 1255711?
False
Does 185 divide 650218?
False
Is 145017 a multiple of 336?
False
Is 47 a factor of 18800?
True
Does 14 divide 178624?
False
Does 130 divide 1312610?
True
Is 19 a factor of 33285473?
True
Does 6 divide 9902424?
True
Does 20 divide 1